
Let k(w) = -7*w + 1. Let n be k(-1). Suppose 13*p = n*p. What is the tens digit of (-12)/(-4) + 66 + p?
6
Let a be (-111*1)/((-18)/(-12)). Let l = 44 - a. What is the hundreds digit of l?
1
Let g(z) = z**3 - 5*z**2 + 6*z - 3. Let t be g(5). Let a be ((-3)/9)/((-3)/t). Suppose -5*x - 18 = -p, -4*p - a*x + 75 + 112 = 0. What is the units digit of p?
3
Suppose -115 + 35 = -5*a. Suppose 2*r = 4*r - a. Suppose j = 32 - r. What is the tens digit of j?
2
Let o = -4306 - -6243. What is the units digit of o?
7
Let m = -45 + 109. Suppose 4*f - 109 - m = 5*s, -f + 41 = -2*s. Suppose -3*z = 4*y - f, -4*y = -z + 3*z - 26. What is the units digit of z?
1
Let g(u) = -61*u + 90. What is the units digit of g(-6)?
6
Let f(k) = -2*k**3 - 3*k**2 + 3*k - 1. Let p be f(-4). Suppose 5*l - 76 = -2*q, 4*q = 5*l + 25 + p. What is the units digit of 7/q + 43/4?
1
Suppose 3*c - 8 = c. Let x(m) be the third derivative of m**4/12 + m**3/6 - 8*m**2. What is the units digit of x(c)?
9
What is the units digit of (15520/(-60))/(0 + (-4)/6)?
8
Let c(s) = -12*s**3 - s**2 - s. Let b(k) = -2*k + 2. Let p be b(1). Suppose -2 = 2*w + 4*a - 2*a, p = -a. What is the tens digit of c(w)?
1
Suppose -2*l = -479 - 405. What is the units digit of l?
2
Let z = -39 + 65. What is the hundreds digit of ((-2)/2)/(z/(-6110))?
2
What is the units digit of (44 + -42)/(2/3322)?
2
Suppose 2*b - 4*b + 2*x + 644 = 0, 2*x + 1290 = 4*b. What is the tens digit of b?
2
Let w(i) = 2*i**3 + 4*i**2 + 8*i + 6. Let r be w(-4). Let y = 140 + r. What is the tens digit of y?
5
Suppose -3 = -3*d + 2*q - 0*q, -2*d = -2*q - 2. Let r(k) = 20*k - 1. Let l be r(d). Suppose 3*b - 14 = l. What is the units digit of b?
1
Let n be 3 + -70 + -5 + 2. Let o = -40 - n. Suppose 2*u = w - o, -4*w = w + u - 172. What is the units digit of w?
4
Suppose -5*o - 122*u + 1722 = -124*u, 1738 = 5*o + 2*u. What is the units digit of o?
6
Suppose -3*g = 4*a - 2847, -5*g = 52*a - 51*a - 733. What is the units digit of a?
8
Let f be 87/(3/6*(-4 + 2)). Let x = f + 122. What is the units digit of x?
5
Suppose -90*b = -58*b - 14656. What is the tens digit of b?
5
Let p(r) = r**3 - 10*r**2 + 6*r - 13. Let s be p(10). Let n(j) = -j**3 - 21*j + 47 - 102 - 18*j**2 + s. What is the tens digit of n(-17)?
6
Suppose 124188 = 76*v - 90588. What is the units digit of v?
6
Let i(t) = t + 5. Let b be i(-4). Suppose -3*s - b = 3*q - 4, 3*q + 4*s - 5 = 0. What is the tens digit of q/1*1 + 25?
2
What is the tens digit of ((-502)/(-3) + 0)/((-288)/(-6048))?
1
Suppose 0 = 10*c + 10*c - 4560. What is the tens digit of c?
2
Let p(i) = i**3 - i**2 - 2*i + 3. Let j be p(3). Let x = 59 + j. What is the units digit of x?
4
Suppose 5*u = 48 + 22. Let i = u - 19. Let s = 14 - i. What is the tens digit of s?
1
Suppose 15*i - 16*i + 2208 = -2*l, 10 = -5*l. What is the thousands digit of i?
2
Suppose 0 = -4*x + f, 3*f - 11 = 5*x - f. What is the units digit of 146*x*8/16?
3
Let f = 237 - -126. Suppose f = -3*y + 14*y. What is the tens digit of y?
3
Suppose 0 = -35*f + 24*f + 14641. What is the units digit of f?
1
Let q(t) = -t + 13. Let n be q(10). Suppose n*c - 15 = -0. Suppose 2*g = 2*m + 16, 0*g - 2*m = -g + c. What is the tens digit of g?
1
Suppose 0 = -3*s - 5*h - 204, 2*h = -0*h. What is the tens digit of (26/8)/(-2 - s/32)?
2
Let m = 241 - -219. What is the hundreds digit of m?
4
Let v be (-10)/(-25) + 6/10. Suppose 0 = 5*j - 6 + v. What is the units digit of (j - 5)/((-2)/3)?
6
Suppose 0 = r + 2 - 4. Let x(a) = a + 2. Let c(f) = -5*f - 7. Let q(d) = r*c(d) + 9*x(d). What is the tens digit of q(-6)?
1
What is the tens digit of (-7833)/(-9) + 10/(-30)?
7
Suppose 0 = 22*b - 23619 - 6125. What is the units digit of b?
2
Let t = -37 - -22. Let p = -20 - 16. Let s = t - p. What is the units digit of s?
1
Suppose -5*z + 202 + 288 = 0. What is the units digit of z?
8
Let x = -4 + 7. Suppose 0 = x*c - q + 3*q - 78, 2*c - 33 = 5*q. What is the units digit of c?
4
Let d = 1621 + -1007. What is the tens digit of d?
1
Let b(z) be the second derivative of -1/20*z**5 - 1/3*z**3 - 2*z - 5/12*z**4 + 0 + 3*z**2. What is the units digit of b(-5)?
6
Let r(l) = l**2 + 8*l + 2. Suppose -5*t - 1 = -4*k + 8, t + 1 = 0. Let d be ((-10)/(2 + -1))/k. What is the units digit of r(d)?
2
Suppose -5*o = r + 54, 2*r - 2 = -0. Let n(w) = -6*w - 10. What is the units digit of n(o)?
6
Suppose -2*g = g - 2*y, -14 = -g - 4*y. Suppose -4*u = g*l - 144, 4*l - u = 2*u + 332. Let d = -42 + l. What is the units digit of d?
8
Let q(p) = 9*p. Let d be q(1). Suppose -d = -2*l + f - 4*f, -21 = -4*l - 5*f. Suppose -4*u + 55 + l = 0. What is the units digit of u?
6
Let f = 1493 + -429. What is the hundreds digit of f?
0
Let s(o) = -o**3 - 10*o**2 + 6*o - 10. Let x be (-2)/8 + 414/24. Let b = -28 + x. What is the units digit of s(b)?
5
Let o be 6/(-12)*(-12)/2. Let x be 1 + (-1)/(-2)*4. Suppose -x*z = 5*a - 32 - 12, 0 = -o*z + 9. What is the units digit of a?
7
Suppose -7*i + 7808 = -3*i. Let u be (3/2)/((-24)/i). What is the units digit of 3/(-6) + u/(-4)?
0
Suppose 2*t - 10 + 0 = 0. Suppose 40 = 2*i - n, -24*i - 5*n = -27*i + 60. What is the units digit of 16/i*t*14?
6
Let v(m) = 299*m - 27. What is the units digit of v(2)?
1
Let j be -14*(-4)/98 + (-31)/(-7). Suppose -3*t + 265 = j*p, 4*p = -5*t + 652 - 206. What is the tens digit of t?
9
Let s(n) = -2*n**2 + 25*n - 9. Let a(j) = j**2 - 13*j + 4. Let g(o) = -14*a(o) - 6*s(o). What is the tens digit of g(12)?
9
Suppose 34 = -7*k + 181. Let u be 36/k*(-42)/(-4). Let y(q) = -q**2 + 22*q - 21. What is the tens digit of y(u)?
5
Let b = 1173 + 146. What is the hundreds digit of b?
3
Let s be -34*1/(-3)*-6. Let d = s + 96. What is the tens digit of d?
2
Let i be 612/6 + (0 - (-4 - -2)). Suppose i*l - 110*l = -30. What is the units digit of l?
5
Let w(p) = -1. Let h(s) = -12*s - 14. Let l(k) = h(k) - 6*w(k). Let n(t) = 18*t + 12. Let b(f) = -8*l(f) - 5*n(f). What is the tens digit of b(3)?
2
Let w(u) = u**2 - 55*u - 211. What is the tens digit of w(-40)?
8
Suppose 288 = -5*k - 12. Let h be k/((-1)/((-4)/(-6))). Suppose 3*q - 4*t - 37 = t, -4*t = -5*q + h. What is the units digit of q?
4
Let g be (-276)/9 - 5/15. Let c = -85 - g. Let m = -27 - c. What is the units digit of m?
7
Let y(x) = 40*x**2 - x - 8. Let q be y(-3). Suppose 0 = -9*g + 4*g + q. What is the units digit of g?
1
Suppose 2*o + 3*o - 5600 = 0. What is the thousands digit of o?
1
Let m = -18 + 38. Let d = m - -3. What is the tens digit of d?
2
Let u(v) = 74*v**3 + 6*v**2 - 5*v - 7. What is the hundreds digit of u(2)?
5
Let a(i) = i**2 + i + 20. Let y be a(0). Suppose 4*v = y + 36. What is the units digit of v?
4
Suppose -r + 2*d + 8 + 34 = 0, -r - d + 27 = 0. Let q = r + -31. What is the units digit of q?
1
What is the hundreds digit of (-907)/(-9) + 0 - (-150)/675?
1
Suppose 0 = -4*h - 12, 3*x - 5*x = 3*h + 13. Suppose 3*k = p - 10, -4*p - k = 3*k + 40. What is the tens digit of ((-48)/(-10))/(x/p)?
1
Suppose 63181 = -26*j + 67*j. What is the thousands digit of j?
1
Suppose -3 = c - 4, -2*m = -5*c - 5. What is the units digit of m/((-10)/4)*(-1690)/20?
9
Suppose 3*r + r - 124 = 0. Suppose -31 + 7 = 3*z. Let c = r + z. What is the units digit of c?
3
Suppose 221 + 5 = 3*z - s, 5*z - 370 = 3*s. What is the tens digit of z?
7
Suppose -5*f - 29 = -4*h + 16, -5*f = -h + 15. Suppose -h*k + 303 = 53. What is the units digit of k?
5
Let p be 3/(1 + 2)*3. Suppose h - p = -81. What is the units digit of h/(-5) - 12/(-30)?
6
Suppose -10*j = -12*j + 66. Let z be -19*2*1/(-2). Suppose -3*q - p - 2*p + j = 0, 0 = 2*q + p - z. What is the units digit of q?
8
Let m = 6160 - 3068. What is the tens digit of m?
9
Suppose 2*z - 24 - 320 = 0. What is the units digit of z*45/18*1/5?
6
Let n be (-17)/(-2 + 6 + -3). Let k = -13 - n. Suppose k*i = 3*i + 13. What is the units digit of i?
3
Let o(c) = -c + 7. Let x be o(4). Suppose b = -x*b + 40. What is the tens digit of b?
1
Suppose -28*u + 812 = u. What is the tens digit of u?
2
Suppose 24 = 3*m + 2*r, 2*m + 6*r - 2*r = 24. Let h be (-8)/6*(-9)/m. Let k(i) = 16*i - 3. What is the tens digit of k(h)?
2
Let p be 5904/28 - (-4)/28. Suppose 11*h = 10*h + p. What is the units digit of h?
1
Let a(k) = -k + 27. Let d(q) = 2*q - 54. Let f(o) = 7*a(o) + 4*d(o). Let g be f(19). W